.
10
Calculate the greatest common factor of 464 and 20851.
29
Calculate the highest common divisor of 1128314 and 22.
22
What is the highest common divisor of 183 and 1237629?
183
Calculate the greatest common factor of 251755 and 245.
35
Calculate the highest common factor of 656 and 8610.
82
What is the greatest common factor of 2160 and 357360?
240
What is the highest common divisor of 20735 and 110?
55
What is the highest common factor of 993 and 315?
3
Calculate the highest common factor of 48 and 5835168.
48
What is the greatest common divisor of 183 and 13603?
61
What is the greatest common factor of 8778 and 182?
14
What is the greatest common factor of 210 and 465240?
30
What is the highest common factor of 14260 and 805?
115
Calculate the highest common factor of 4433247 and 819.
819
Calculate the greatest common divisor of 42161 and 98.
7
Calculate the highest common factor of 56 and 183736.
56
What is the greatest common factor of 32620 and 280?
140
Calculate the greatest common divisor of 221165 and 385.
35
What is the greatest common factor of 71298 and 459?
153
What is the highest common divisor of 51111 and 2524?
631
Calculate the highest common factor of 4 and 159984.
4
What is the greatest common factor of 64 and 338752?
64
What is the greatest common divisor of 984 and 10368?
24
What is the greatest common divisor of 298398 and 123?
123
Calculate the greatest common factor of 1322 and 1754294.
1322
What is the greatest common divisor of 55 and 152581?
11
What is the greatest common divisor of 47670 and 42?
42
What is the highest common factor of 11627 and 329?
7
What is the greatest common factor of 1900 and 65500?
100
What is the highest common divisor of 135 and 25731?
27
What is the greatest common divisor of 16 and 363864?
8
What is the greatest common factor of 33120 and 69?
69
What is the greatest common factor of 8228 and 484?
484
Calculate the greatest common divisor of 16512 and 2176.
128
What is the greatest common divisor of 391029 and 6?
3
Calculate the greatest common factor of 6893 and 1017.
113
What is the greatest common factor of 16910 and 51490?
190
Calculate the greatest common factor of 1357979 and 7.
7
Calculate the greatest common factor of 1095932 and 8.
4
What is the highest common divisor of 2555 and 23718065?
2555
Calculate the greatest common divisor of 22 and 4114.
22
What is the greatest common factor of 22 and 233783?
11
Calculate the greatest common divisor of 18600 and 72.
24
Calculate the highest common factor of 826 and 6804.
14
What is the greatest common divisor of 13 and 5835791?
13
Calculate the highest common divisor of 72845 and 40.
5
What is the greatest common factor of 1270 and 485902?
254
What is the greatest common factor of 2645210 and 2490?
830
Calculate the highest common factor of 1885 and 3445.
65
What is the greatest common divisor of 587016 and 1395?
279
Calculate the greatest common factor of 12 and 260712.
12
Calculate the highest common divisor of 1010629 and 19.
19
Calculate the highest common divisor of 167604 and 24.
12
Calculate the highest common divisor of 17 and 669511.
17
Calculate the highest common factor of 1680 and 1590.
30
Calculate the highest common divisor of 27892 and 684.
76
Calculate the highest common divisor of 1716582 and 1449.
483
What is the greatest common factor of 1218987 and 27?
9
Calculate the greatest common factor of 540 and 377940.
60
What is the highest common divisor of 3690 and 510?
30
What is the greatest common factor of 2336 and 69496?
584
Calculate the highest common divisor of 210 and 243642.
42
What is the greatest common factor of 5931 and 1125?
9
Calculate the greatest common divisor of 9 and 146844.
9
What is the highest common divisor of 790620 and 360?
60
Calculate the greatest common divisor of 306 and 78438.
102
What is the greatest common factor of 1881 and 1197?
171
Calculate the highest common factor of 80703 and 1764.
441
What is the greatest common divisor of 337865 and 55?
55
Calculate the highest common divisor of 3328 and 47749.
13
What is the greatest common factor of 12978 and 896?
14
Calculate the highest common divisor of 60 and 25686.
6
Calculate the highest common divisor of 12 and 28338.
6
What is the highest common factor of 56 and 34398?
14
What is the highest common factor of 2899 and 17171?
223
What is the greatest common divisor of 856 and 13136?
8
Calculate the highest common divisor of 50 and 135175.
25
What is the greatest common divisor of 3906 and 31899?
651
What is the highest common divisor of 1179009 and 351?
351
Calculate the greatest common factor of 95015 and 10421.
613
What is the highest common divisor of 9 and 11887731?
9
Calculate the greatest common factor of 10878 and 174.
6
Calculate the greatest common divisor of 3344 and 121904.
304
Calculate the greatest common divisor of 135947 and 28.
7
Calculate the highest common divisor of 12685 and 6880.
215
What is the greatest common divisor of 66 and 506?
22
What is the greatest common factor of 168 and 351176?
56
What is the highest common factor of 192070 and 30?
10
What is the highest common factor of 4928 and 1001?
77
Calculate the greatest common divisor of 206 and 4522.
2
Calculate the highest common divisor of 29 and 397503.
29
What is the highest common divisor of 50520 and 2280?
120
What is the highest common divisor of 22685 and 165?
5
Calculate the highest common divisor of 2792 and 232.
8
Calculate the highest common factor of 138522 and 18.
6
Calculate the highest common factor of 2 and 6532.
2
What is the highest common factor of 6393056 and 32?
32
Calculate the highest common factor of 2332 and 2918498.
1166
What is the highest common divisor of 646 and 226879?
19
What is the greatest common factor of 300 and 5475?
75
What is the greatest common factor of 975 and 8853?
39
Calculate the highest common divisor of 330879 and 159.
159
What is the highest common factor of 168 and 1224?
24
What is the highest common divisor of 12191 and 11461?
73
What is the greatest common divisor of 281988 and 216?
108
Calculate the greatest common divisor of 10497 and 9.
3
What is the highest common divisor of 14 and 60179?
7
Calculate the highest common divisor of 18 and 26109.
9
What is the greatest common divisor of 713 and 3007?
31
What is the greatest common factor of 521045 and 5?
5
What is the greatest common factor of 1075 and 318375?
25
Calculate the greatest common factor of 124 and 13733.
31
Calculate the highest common divisor of 2093 and 5499.
13
Calculate the greatest common factor of 18339964 and 94.
94
What is the highest common factor of 6665 and 279?
31
Calculate the highest common factor of 2670241 and 266.
133
Calculate the highest common factor of 1125 and 1296375.
375
Calculate the highest common factor of 207 and 3107070.
207
What is the greatest common divisor of 960 and 6912?
192
What is the greatest common factor of 15283 and 51?
17
What is the highest common divisor of 245798 and 23086?
1358
Calculate the greatest common divisor of 36812 and 8.
4
Calculate the greatest common divisor of 56430 and 1197.
171
What is the highest common factor of 4275 and 8379?
171
Calculate the highest common divisor of 12696 and 216.
24
What is the greatest common factor of 3856 and 8917?
241
What is the highest common factor of 22 and 90563?
11
What is the highest common divisor of 244 and 12078?
122
Calculate the greatest common factor of 8257 and 414.
23
What is the greatest common factor of 927 and 4532?
103
Calculate the highest common divisor of 6873 and 7584.
237
Calculate the greatest common divisor of 3141 and 261.
9
What is the greatest common divisor of 49063 and 903?
301
Calculate the greatest common factor of 252 and 1198953.
63
What is the greatest common divisor of 1914721 and 773?
773
What is the highest common divisor of 1080577 and 83?
83
Calculate the greatest common factor of 1909 and 10375.
83
Calculate the highest common divisor of 145 and 96512.
29
Calculate the highest common factor of 6 and 1989798.
6
Calculate the highest common factor of 54 and 22638.
6
Calculate the greatest common factor of 3283 and 201.
67
Calculate the highest common divisor of 128 and 13360.
16
What is the highest common factor of 101